, 3, 163
Let m(l) = 144*l**2 - 6*l + 20. Let v(w) = -144*w**2 + 7*w - 20. Let s(p) = -5*m(p) - 6*v(p). Let t be s(5). List the prime factors of (t/(-15))/(-8)*6.
2, 89
Let p(k) = 8*k - 19. Let h be p(1). List the prime factors of (-8306)/h + (-54)/594.
5, 151
Suppose -78*b + 144*b = -9*b + 1173900. List the prime factors of b.
2, 7, 13, 43
List the prime factors of -9 + 9 - (0 + -9120 - 3).
3, 3041
Suppose 2*m - 8 = 0, -2*h = h + 3*m - 60. Suppose u - 2*u - h = n, 12 = -4*n. Let z = 29 + u. List the prime factors of z.
2
Let b(h) = h**2 + 24*h - 138. Let p be b(5). List the prime factors of p/((-21)/(-132)) - 12/(-4).
47
Let w(y) = -y**3 - 6*y**2 + 4*y - 19. Let z be w(-7). Suppose 310 = 2*c + z*a, 0*a + 3*a = -2*c + 315. List the prime factors of c.
2, 3, 5
Suppose 7*a - 1685 = 4*a - j, j + 1687 = 3*a. Let k = a + 74. List the prime factors of k.
2, 3, 53
Suppose -24*b = -71*b + 242567. List the prime factors of b.
13, 397
Let k(t) = 4*t + 278. Let d be k(8). Let c be 1 + -2 - 4*-1. Suppose -2*n = c*n - d. What are the prime factors of n?
2, 31
Let v(m) = -20384*m + 991. List the prime factors of v(-1).
3, 5, 19
Let j = -949 - -1576. Let v = j + -400. Suppose 4*b + d - v = -b, b = d + 43. List the prime factors of b.
3, 5
Let w(d) = 161*d - 951. List the prime factors of w(9).
2, 3, 83
Suppose 20*t = 15*t - 1765. Suppose 0 = -s - 5, -2*i + 664 + 534 = 2*s. Let y = i + t. What are the prime factors of y?
251
Suppose -1565 = -n + 6*n + 5*j, 0 = -4*n - j - 1246. Let q = n - -435. What are the prime factors of q?
2, 31
Let b(g) = -3*g**3 - 64*g**2 + 62*g - 5. List the prime factors of b(-34).
5, 8363
Let b(u) = 17*u**3 - 5*u**2 + 7*u + 334. Let c(n) = 24*n**3 - 7*n**2 + 10*n + 501. Let r(h) = -7*b(h) + 5*c(h). List the prime factors of r(0).
167
Suppose 7*c + 495 = 12*c. What are the prime factors of (40/12)/((-195)/c - -2)?
2, 5, 11
Suppose q + 4*c - 3865 = 2*c, 4*q = -3*c + 15485. What are the prime factors of q?
5, 31
Suppose 0 = 2*z - d - 1421, 2*z - 4*d - 1418 = -2*d. Suppose 3*r = z + 1136. List the prime factors of r.
2, 7, 11
Suppose -y - 1702 = y - 2*c, 4*y + 3413 = -5*c. Let d = -533 - y. List the prime factors of d.
11, 29
Suppose -8*g - 5 = -13. What are the prime factors of g*(0 + -2) + 300 + -1?
3, 11
Suppose 0 = 2*u - 5*a + 17, -2*u - 28 = -4*u - 4*a. Let w be ((-1167)/(-15))/(u/20). Let q = w - 254. List the prime factors of q.
3, 5
Suppose -o = -b - 1010, -2*o + 1814 = -b - 200. What are the prime factors of o?
2, 251
Let c = 93665 - 58689. List the prime factors of c.
2, 1093
Suppose 0 = -833*s + 841*s - 39504. List the prime factors of s.
2, 3, 823
Suppose 1872 = 4*l + 4*l. Suppose -3*b - l = -3*p, p - 318 = 3*b + b. What are the prime factors of b/(-36) - 10/45?
2
Let v(x) = 369*x + 245. What are the prime factors of v(20)?
5, 61
Let w(i) = 19*i - 50. Let n(j) = -2*j + 1. Let k(o) = 2*n(o) - w(o). What are the prime factors of k(-14)?
2, 11, 17
Let z be (-9)/(-36)*(-3 - 1). List the prime factors of 73 + 6*z/(-3).
3, 5
Let w = 274 + -732. List the prime factors of (w/9)/((-4)/18).
229
What are the prime factors of (-2 + 12)*-1 - -11669?
89, 131
Suppose 30*b = 389*b - 18201659. What are the prime factors of b?
7, 7243
Let i(c) = -10*c**2 - 43*c**3 - 2 + c**2 + 19*c**3 - 13*c + 9*c**3 + 11*c**3. What are the prime factors of i(-5)?
2, 13
Suppose 0 = 19*h - 0*h - 95. Suppose -h*p - 457 = -3*n, -621 = -4*n - 2*p - 3*p. List the prime factors of n.
2, 7, 11
Let y(s) be the first derivative of 10*s**2 - 25*s + 10. List the prime factors of y(16).
5, 59
Suppose 0 = 3*r - 11 - 10. Let s = 11 - r. Suppose s*j - 77 = 23. List the prime factors of j.
5
Let g = 329 + -326. List the prime factors of (-2679)/(-94)*56/g.
2, 7, 19
Let f(v) be the first derivative of 10*v**3/3 + 2*v**2 + 10*v + 59. What are the prime factors of f(-6)?
2, 173
Suppose 4*n = 32, 155440 = 2*u + 84*n - 81*n. What are the prime factors of u?
2, 19427
Let h(o) = -o**2 + 14*o - 16. Let y be h(11). Let l = y - 25. Let q = l - -20. What are the prime factors of q?
2, 3
Let s = 146748 + -93502. List the prime factors of s.
2, 79, 337
Let d be (-3)/(-2)*(-3 + 19)*-1. Let r be d/(-18)*(-3)/(-2). Suppose 0 = -r*i + 69 + 109. What are the prime factors of i?
89
Let b = 1202 - 1280. Let p = -55 + 31. What are the prime factors of (b/p)/((-1)/(-16))?
2, 13
Let o = 8452 - 2917. What are the prime factors of o?
3, 5, 41
Let w(q) = 5813*q - 507. List the prime factors of w(1).
2, 7, 379
Let q(k) = -k**3 - 9*k**2 + 22*k + 3. Let z be q(-11). Suppose -5*v + 5*c - 30 = 0, 0*v = 2*v + z*c - 3. What are the prime factors of 148 + (2 - (v - -1))?
2, 19
Suppose 8*p + 183 = 71. Let j(u) = -3*u**3 - 37*u**2 - 13*u - 20. List the prime factors of j(p).
2, 571
Suppose 3*z - 5*y - 102780 = -3*y, -2*z + 68525 = -3*y. List the prime factors of z.
2, 7, 2447
Let t = 240 + -135. Suppose 3*i - 808 = -u, -3193 = -4*u + t*i - 104*i. What are the prime factors of u?
17, 47
Let d(c) = 2 - 5 - 42*c - 13. Suppose 3*b + 1 = 2*m, 4*m - 42*b = -41*b - 13. List the prime factors of d(m).
2, 19
Let u(d) = -d**2 - 5*d**2 - 2*d**3 - 5 + 14*d**2 - 5*d. Let p(l) = -5*l**3 + 23*l**2 - 15*l - 15. Let c(o) = 3*p(o) - 8*u(o). List the prime factors of c(-4).
31
What are the prime factors of (-5)/(-35) - 5/70*-131206?
2, 3, 11, 71
Let o(i) = 155*i**2 - 41*i - 279. What are the prime factors of o(-8)?
3, 3323
Suppose -6*a = 7143 - 951. Let n = -436 - a. What are the prime factors of n?
2, 149
List the prime factors of (-21646)/(-3) + (-1 - 160/(-60)).
7, 1031
Suppose -2 = a, -7*g = -3*g + 3*a - 27578. What are the prime factors of g?
2, 431
Let x(y) = 6*y + 18 - 5 + 16*y - 9. Let p be x(17). Suppose -25*j + 27*j = p. List the prime factors of j.
3, 7
Let j(r) = 3968*r - 7 - 5*r**2 + 34 - r**3 - 3948*r. What are the prime factors of j(-12)?
3, 5, 53
Let p(a) = 652*a**2 + 364*a - 2145. List the prime factors of p(6).
3, 17, 461
Suppose 0 = -3*l - z + 26537 - 7665, -2*l + 3*z = -12563. List the prime factors of l.
19, 331
Let u be 82 + (-1 - -2)/(-1). Suppose j = k + 6*j - 90, 102 = k - j. Suppose -4*w = 20, w + u = 4*y - k. List the prime factors of y.
2, 11
Let o be ((-190)/(-25))/((-14)/(-10))*7. Suppose 0 = -13*q + o*q - 15375. What are the prime factors of q?
3, 5, 41
Suppose 6*r - 81*r + 43200 = 0. List the prime factors of r.
2, 3
Suppose -112*y + 114110 = -109*y - 2*s, -3*s = y - 38044. What are the prime factors of y?
2, 7, 11, 13, 19
Suppose -5*j = -5*t + 175, 0 = 4*j + 12 + 8. Let a be (-65)/t - ((-15)/(-18))/(-5). What are the prime factors of ((-2)/a)/(2/46) - -3?
2, 13
Suppose 198*b = 565*b - 23587090. What are the prime factors of b?
2, 5, 6427
Suppose -6*k + 4*k - 5*t - 115645 = 0, 5*k + 4*t + 289070 = 0. List the prime factors of 4/(-38) - k/114.
3, 13
Let h(q) = 2*q**2 - 21*q + 22. Let r be h(13). Let i = r - 85. List the prime factors of (i + 0 + -1)*-1 + 104.
103
Let f(r) be the second derivative of r**4 + 3*r**3/2 - 3*r**2 - 54*r. What are the prime factors of f(3)?
3, 43
Let b = 28 + -58. Let k be (-2 - -4)/((-12)/b). Suppose t - k*t = 5*f - 832, 2*f - 316 = 4*t. List the prime factors of f.
2, 41
Let q = 10 - -2. Let v(g) = 6*g**2 - 28*g + 33. List the prime factors of v(q).
3, 11, 17
Suppose -2*d = 5*k - 364 - 252, 3*d + 5*k - 919 = 0. List the prime factors of d.
3, 101
Suppose 6082 + 5142 = 8*x. Let w = 2242 - x. List the prime factors of w.
839
Let k(x) = 267*x - 2394. List the prime factors of k(26).
2, 3, 379
Let a(v) = -v**2 - 10*v - 23. Let t be a(-6). What are the prime factors of (59*12)/2 - t?
353
Let j(o) = o**3 + 10*o**2 - 29*o - 5. Let v(l) = -l**3 - 10*l**2 + 28*l + 5. Let y(s) = -3*j(s) - 4*v(s). What are the prime factors of y(6)?
421
Suppose -19 - 16 = -7*t. List the prime factors of 2*t/2*1124/20.
281
Let g(x) = x**3 + 4*x + 2. Let b be g(-2). Let v(s) = -s**3 - 14*s**2 - 2*s - 4. Let f be v(b). Suppose -o - f + 55 = 0. List the prime factors of o.
31
What are the prime factors of (126 + -22)/(-13) + 6492 + -1?
3, 2161
Let o(w) = 46*w - 6. Let i be o(-3). Let j = i + 86. Let s = j + 99. List the prime factors of s.
41
Suppose 3*b = 2*b - 10. Let k(v) be the third derivative of -v**4/8 - 7*v**3/2 + 788*v**2. What are the prime factors of k(b)?
3
Suppose -16*p = 13*p - 73225.